/(-27) - -2))/((-8)/(-24)) is divided by 33?
8
Let x = 19584 + -18520. What is the remainder when x is divided by 89?
85
Let j(v) = 2*v**3 - 21*v**2 + 11*v + 1. Suppose -5*o = -4*q + 40, 4*q + o - 40 = 4*o. Calculate the remainder when 120 is divided by j(q).
10
Let f = -4174 + 4335. What is the remainder when 903 is divided by f?
98
Let p = -110 + 148. Suppose n + p + 15 = 2*s, 0 = -4*s + 3*n + 109. Suppose -2*t = -3*t - 4, -3*t - s = -f. Calculate the remainder when 129 is divided by f.
12
Let y(p) = -400*p**3 + p**2 + 7*p + 7. Let r be y(-1). Let u = r - 338. Calculate the remainder when u is divided by 33.
30
Let b(w) = -3*w**3 + 74*w**2 + 25*w + 12. Let z be b(25). Suppose 4*h + 5*i - 165 = 0, -h + 10*i = z*i - 45. Calculate the remainder when 278 is divided by h.
33
Suppose 0 = -7*v + 2*v - 2*o - 460, 5*v + 480 = 2*o. What is the remainder when (-2)/(-4) + (-306)/(-4) is divided by v/(-517) + (-438)/(-11)?
37
Let u = -6611 - -7088. What is the remainder when u is divided by 46?
17
Let o = 39 + -33. Let x(b) = -b + 75. Let j(m) = -m + 38. Let v(w) = 11*j(w) - 6*x(w). Calculate the remainder when v(-8) is divided by o.
2
Let i = -10 - -135. Let z = i + -122. What is the remainder when 21 is divided by z?
0
Suppose 0 = 2*k - 39 + 33. Suppose 6 = -c + k*c, 0 = -5*x + 3*c + 81. What is the remainder when 591 is divided by x?
15
Suppose 0 = -h + 5*h + 2*o - 1170, 3*o = -9. Let g = h - 171. Suppose -g = 3*c - 6*c. What is the remainder when c is divided by 15?
11
Let r be 10110/27 - 4/9. Let f = -310 + r. Calculate the remainder when f is divided by 36.
28
Suppose 3*q - 46 = -2*f + 181, -4*f - 316 = -4*q. What is the remainder when q is divided by 69?
8
Suppose -8 = 5*c - 23. Suppose 16 + c = r. Suppose -1119*a - 1884*a + 540*a + 224133 = 0. What is the remainder when a is divided by r?
15
Let d(t) = -76*t - 14. Suppose 0 = 4*n - 9 + 17. What is the remainder when d(n) is divided by 37?
27
What is the remainder when 275 is divided by (-5640)/(-72)*(-12)/(-10)?
87
Let t(y) = 3*y + 18. Suppose -4*n + 3*n + 18 = -3*r, -4*n = 3*r + 18. Let i be t(r). Suppose 7*b - b - 414 = i. What is the remainder when b is divided by 35?
34
Suppose -10414 = 51*f - 12607. What is the remainder when 2826 is divided by f?
31
Suppose -28*u - 101*u + 33401 + 196090 = 0. Calculate the remainder when u is divided by 13.
11
Suppose -1710*f + 1300 = -1690*f. Let a = 1049 + -530. What is the remainder when a is divided by f?
64
Let k(x) = 4*x**3 + x**2 + 3*x + 8. Let q be k(-4). Let z(c) = -18*c + 3. Calculate the remainder when z(-3) is divided by (-30)/165 + q/(-11).
13
Let b(z) be the third derivative of -z**5/60 - 17*z**4/12 + 31*z**3/3 + 97*z**2. Calculate the remainder when b(-25) is divided by 16.
15
Suppose -24*y = -26*y + 26. What is the remainder when 518/y + (-182)/(-1183) is divided by 30?
10
Suppose 0*k + 184 = 2*h + 4*k, -5*h - k = -505. Suppose 100*u - h*u + 148 = 0. Calculate the remainder when 235 is divided by u.
13
Let s(y) = -11*y + 2. Let p be s(5). Let u = 67 + p. What is the remainder when ((-76)/(-6))/(u/63) is divided by 30?
27
Suppose 398 = 6*i + 110. Let d(g) = 4*g**2 - g + 1. Calculate the remainder when d(-2) is divided by (i/(-18))/((-4)/6).
3
Let q = -37027 + 37198. Let y(o) = -o**3 - 3*o**2 + 7*o + 7. What is the remainder when q is divided by y(-5)?
17
Suppose 3*l - i = 1711, -2251 = 449*l - 453*l - 3*i. Calculate the remainder when 580 is divided by l.
12
Let i(u) = 2*u**3 - 5*u**2 - 4*u + 2. Let n be i(3). Let m(v) = -2*v + 2. Calculate the remainder when m(0) is divided by n/(-1)*(-2)/(-2).
0
Suppose -18*c = 8*c + 8034. Calculate the remainder when (-4)/(-10) - (-446)/10 is divided by c/(-12) - (-36)/144.
19
Let h = -181 + 296. Let a(l) = -7*l**3 - 2*l**2 + 6*l + 4. Let x be a(5). Calculate the remainder when h is divided by (-3)/2 - x/22.
37
Let u(b) = 58*b - 70. Let o be u(1). Calculate the remainder when 28/21*(-1737)/o is divided by 39.
37
Suppose -4*k = -2 - 66. Let u = -985 - -1001. Suppose u*o = -50*o + 3234. Calculate the remainder when o is divided by k.
15
What is the remainder when 4145 is divided by ((-3669)/(-21) - 2) + -1 + 18/14?
166
Suppose -5*p - 8 = -p. Calculate the remainder when 3 + p/((-6)/33) is divided by 3.
2
Calculate the remainder when (29/377 + 433032/(-26))*-3 is divided by 72.
69
Let a = 8 - 20. Suppose 0 = -15*q + 60*q - 1215. What is the remainder when q is divided by 56/(-10)*30/a?
13
Let c be (-24)/(-14) - 4/(-14). Let a be (2/(-6))/((-25)/(-150)). Calculate the remainder when -3 + a + (-54)/(c + -4) is divided by 6.
4
Suppose 49*o - 4608 = -58*o - 37*o. Calculate the remainder when 101 is divided by o.
5
Let j = 21 - -3. Let b(f) = 6*f**2 + 81*f + 1. Let x be b(-7). Let m = x - -316. Calculate the remainder when m is divided by j.
20
Suppose -5*u = -4*z + 236, -6*z + 3*z = 3*u - 204. Calculate the remainder when (4/(z/(-68)))/((-17)/272) is divided by 37.
31
Let k(g) = -53*g**3 - 2*g**2 + 2. Let y be k(-1). Suppose -19 - y = -4*i. Let x(n) = n**2 - 20*n + 60. Calculate the remainder when x(i) is divided by 13.
11
Suppose q - 23 = 5*d, d + 93 = 5*q - 2*d. Let m = q - -12. Let x = -213 - -332. Calculate the remainder when x is divided by m.
29
Let g(b) = -b**2 + 8*b + 5. Let l be g(6). Suppose -3*y = -5*y + u + l, u = 3. What is the remainder when (-9299)/(-85) + (-4)/y is divided by 28?
25
Let b(o) = o**3 + 17*o**2 + 41*o - 42. Calculate the remainder when 967 is divided by b(-7).
1
Suppose 12*t - 3308 = 1972. Calculate the remainder when t is divided by 90.
80
Let k = 73 + -44. Suppose 6*a = 823 + 557. Calculate the remainder when a/4 + (-60)/40 is divided by k.
27
Let f be (-180 + 2)/2*-1. Let r = f - -54. Suppose 0 = -2*l - p + 47, 4*l - 5*p = 2*l + 53. Calculate the remainder when r is divided by l.
23
Suppose 4 = 2*l - 0. Suppose l*y = -y + 9. Suppose -y*v - 18 = -75. What is the remainder when v is divided by 12?
7
Suppose -3*y = 6, -4*t + 3*t = -2*y - 14. Suppose 230 = 3*k - 4*l, t*l + 176 = 2*k + 13*l. Calculate the remainder when k is divided by 20.
2
Suppose 0 = -4*m - 2*a + 634, 4*m - 2*m - 313 = 3*a. Let l = 204 - m. Calculate the remainder when 66 is divided by l.
20
Let g = 230 + -180. Suppose 10*t - 130 - g = 0. What is the remainder when t is divided by 10?
8
Let q(l) = 2*l**3 + 47*l**2 - 244*l + 32. What is the remainder when 546 is divided by q(5)?
72
Suppose 181 = 65*x - 79. What is the remainder when 128 is divided by x?
0
Let j = 5066 - 4401. What is the remainder when j is divided by 75?
65
Let t(s) = 161*s - 1005. What is the remainder when 972 is divided by t(7)?
118
Let a = 15 - 8. Suppose -492 = 5*n - 2*r, -3*r - 201 = 2*n - 8*r. Calculate the remainder when 476/8*(-7)/(n/8) is divided by a.
6
Let r(v) = 5*v**2 + 39*v - 153. What is the remainder when 50 is divided by r(3)?
5
Let i = 6112 + -6091. Let x = 63 - -3. Calculate the remainder when x is divided by i.
3
Suppose -o - 4*s - 17 = 0, -3 = 3*o - 4*s - 0. Calculate the remainder when 531/12 - o/(-20) is divided by 17.
10
Let c(y) = y**3 - 23*y**2 - 208*y - 23. Suppose -5*t + 22 = -823. Calculate the remainder when t is divided by c(30).
21
Let p(x) = -x**3 - 38*x**2 - 36*x + 39. Let m be p(-37). Suppose 3*u = m*h - 18, 2*u + 23 = 5*h - 0*h. What is the remainder when 24 is divided by h?
0
Suppose -95 - 175 = -15*z. Calculate the remainder when 611 is divided by z.
17
Let r = 111 - 61. Suppose -r = -7*l + 132. Calculate the remainder when 101 is divided by l.
23
Suppose g = 14*g - 42900. Suppose -2*i = 9*i - g. Suppose -5*c + 5*u = -i, -c + 3*u = 8*u - 48. Calculate the remainder when c is divided by 22.
14
What is the remainder when 371 is divided by (4/16*4)/(6/282)?
42
Let q(z) = 34 + 225*z - 145 - 231*z. What is the remainder when 278 is divided by q(-20)?
8
Calculate the remainder when 347 is divided by 400/(-600)*(-2 - 514).
3
Let q = 3739 - 3735. Suppose 2*b = 11 - 1. Calculate the remainder when -1 - b/(15/(-24)) is divided by q.
3
What is the remainder when 331 is divided by 2/(8/10 + 438/(-555))?
146
Suppose 229*u + 30*u - 682496 = 11*u. What is the remainder when u is divided by 184?
176
Let p(m) = -m**3 + 6*m**2 - 11*m - 8. Let x(o) = -2*o**3 + 12*o**2 - 21*o - 15. Let i(v) = 5*p(v) - 3*x(v). What is the rema